{"id":261,"date":"2022-01-31T23:59:13","date_gmt":"2022-01-31T22:59:13","guid":{"rendered":"http:\/\/www.nibelungenlied-gesellschaft.de\/nlg\/?page_id=261"},"modified":"2024-05-08T11:18:57","modified_gmt":"2024-05-08T09:18:57","slug":"aeltere-veranstaltungen","status":"publish","type":"page","link":"https:\/\/www.nibelungenlied-gesellschaft.de\/nlg\/aeltere-veranstaltungen\/","title":{"rendered":"\u00c4ltere Veranstaltungen"},"content":{"rendered":"\n<figure class=\"wp-block-image size-full\"><img decoding=\"async\" loading=\"lazy\" width=\"980\" height=\"489\" src=\"https:\/\/www.nibelungenlied-gesellschaft.de\/nlg\/wp-content\/uploads\/2023\/09\/titel-header-bis-12-2023-2.jpg\" alt=\"\" class=\"wp-image-494\" srcset=\"https:\/\/www.nibelungenlied-gesellschaft.de\/nlg\/wp-content\/uploads\/2023\/09\/titel-header-bis-12-2023-2.jpg 980w, https:\/\/www.nibelungenlied-gesellschaft.de\/nlg\/wp-content\/uploads\/2023\/09\/titel-header-bis-12-2023-2-300x150.jpg 300w, https:\/\/www.nibelungenlied-gesellschaft.de\/nlg\/wp-content\/uploads\/2023\/09\/titel-header-bis-12-2023-2-768x383.jpg 768w\" sizes=\"(max-width: 980px) 100vw, 980px\" \/><\/figure>\n\n\n\n<p><\/p>\n\n\n\n<figure class=\"wp-block-image size-full\"><img decoding=\"async\" loading=\"lazy\" width=\"980\" height=\"489\" src=\"https:\/\/www.nibelungenlied-gesellschaft.de\/nlg\/wp-content\/uploads\/2022\/02\/titel-header-bis-06-2023.jpg\" alt=\"\" class=\"wp-image-269\" srcset=\"https:\/\/www.nibelungenlied-gesellschaft.de\/nlg\/wp-content\/uploads\/2022\/02\/titel-header-bis-06-2023.jpg 980w, https:\/\/www.nibelungenlied-gesellschaft.de\/nlg\/wp-content\/uploads\/2022\/02\/titel-header-bis-06-2023-300x150.jpg 300w, https:\/\/www.nibelungenlied-gesellschaft.de\/nlg\/wp-content\/uploads\/2022\/02\/titel-header-bis-06-2023-768x383.jpg 768w\" sizes=\"(max-width: 980px) 100vw, 980px\" \/><\/figure>\n\n\n\n<p><\/p>\n\n\n\n<p><strong>NIBEL RHEIN &#8211; Der Rhein in den Dichtungen der Nibelungensage<\/strong><\/p>\n\n\n\n<p><strong>Eine Installation im Nibelungenmuseum vom 25. November 2022 bis 21. Mai 2023<\/strong><\/p>\n\n\n\n<p>Der \u201eRhein\u201c ist in den Dichtungen der Nibelungensage ein wichtiger Schauplatz und auch der Nibelungenschatz verschwindet bekanntlich im Rhein. In Wagners ber\u00fchmter Oper erh\u00e4lt er sogar seine eigene Musik.<\/p>\n\n\n\n<p>Welche Rolle der Rhein hier jeweils im Einzelnen spielt und welche Bedeutung ihm zugemessen wird, ergr\u00fcndet das Nibelungenmuseum Worms zusammen mit der Nibelungenlied-Gesellschaft. Gemeinsam gehen sie dem Doppelph\u00e4nomen \u201eNIBEL RHEIN\u201c auf den (Sagen-)Grund.<\/p>\n\n\n\n<p>\u201eNIBEL RHEIN\u201c ist Teil einer Ausstellungsreihe des Netzwerks Museen, in der die teilnehmenden Museen den Rhein in vielf\u00e4ltigen Facetten beleuchten.<\/p>\n\n\n\n<p><a rel=\"noreferrer noopener\" href=\"http:\/\/www.nibelungenmuseum.de\" target=\"_blank\">www.nibelungenmuseum.de<\/a><\/p>\n\n\n\n<h2 class=\"wp-block-heading\">VORTR\u00c4GE<\/h2>\n\n\n\n<p><strong>Dienstag, 19. Juli 2022, 18.00 Uhr<\/strong><br>Dr. Ellen Bender<br>Frauenbilder im Nibelungenlied<br>und in den Wormser Festspielinszenierungen<\/p>\n\n\n\n<p><strong>Mittwoch, 20. Juli 2022, 18.00 Uhr<\/strong><br>Dr. Regina Urbach<br>Das Narrativ vom K\u00f6niginnenstreit<br>Ein unwiderstehliches Klischee?<\/p>\n\n\n\n<p><strong>Donnerstag, 21. Juli 2022, 18.00 Uhr<\/strong><br>Dr. Niklas, Gebele<br>Kriemhild vs. Brunhild<br>Grundformen der Angst im Nibelungenlied<\/p>\n\n\n\n<p>Vortr\u00e4ge der Nibelungenlied-Gesellschaft zu den Nibelungen-Festspielen 2022 im WORMSER (Gro\u00dfer Liebfrauensaal, Rathenaustra\u00dfe 11, 67547 Worms). Der Eintritt ist frei.<\/p>\n\n\n\n<h2 class=\"wp-block-heading\"><strong>KOLLOQUIUM<\/strong><\/h2>\n\n\n\n<p><strong>Nibelungen-Code.<\/strong><br>Dimensionen eines europ\u00e4isch vernetzten Mythos<\/p>\n\n\n\n<p><strong>Donnerstag, 28. Juli 2022<\/strong><\/p>\n\n\n\n<p>13:30 Uhr<br>Begr\u00fc\u00dfung Dr. Ellen Bender (Erste Vorsitzende der Nibelungenlied-Gesellschaft Worms)<br>Einf\u00fchrung Prof. Dr. Andrea Sieber (Universit\u00e4t Passau)<\/p>\n\n\n\n<p>14:00 Uhr<br>Prof. Dr. Heike Sahm (Universit\u00e4t G\u00f6ttingen)<br>Germanische Heldendichtung? Zur Problematik des Gattungsbegriffs<\/p>\n\n\n\n<p>15:00 Uhr<br>Rolf Badenhausen (Dietrich von Bern-Forum)<br>Nibelungenzug und Thidrekssaga<\/p>\n\n\n\n<p>15:45 Uhr<br>Prof. Dr. Jan Philipp Reemtsma (Hamburg)<br>Kriemhild-Hagen-Ortlieb \u2013 ein m\u00f6rderisches Dreieck<\/p>\n\n\n\n<p>17:00 bis 18:00 Uhr<br>Autorengespr\u00e4ch zum Roman \u201eDer Bornholm-Code\u201c (2017) mit Thorsten Oliver Rehm<\/p>\n\n\n\n<p><strong>Freitag, 29. Juli 2022<\/strong><\/p>\n\n\n\n<p>9:30 Uhr<br>Prof. Dr. Peter Andersen (Universit\u00e9 de Strasbourg)<br>Die Nibelungen zogen nach D\u00e4nemark &#8211; Wie Kriemhild und Br\u00fcnhild durch Chremild und Huenild ersetzt wurden<\/p>\n\n\n\n<p>10:15 Uhr<br>Prof. Dr. Nine Miedema (Universit\u00e4t des Saarlandes)<br>Das Nibelungenlied in den Niederlanden &#8211; Kreuzungen und Holzwege<\/p>\n\n\n\n<p>11:15 Uhr<br>Dr. Am\u00e9lie Bendheim (Universit\u00e4t Luxemburg)<br>Etzels Vielv\u00f6lkerhof &#8211; Ein Modell europ\u00e4isch vernetzter Herrschaft?<\/p>\n\n\n\n<p>12:00 Uhr<br>Dr. Susanne Schul (Universit\u00e4t Kassel)<br>\u201eWer hei\u00dft denn heute noch Siegfried?\u201c<br>Intersektionale Selbst- und Fremdreflexionen im Coming of Age-Musical \u201eDRACHENHERZ\u201c<\/p>\n\n\n\n<p>ab 12:45 Uhr Mittagspause<\/p>\n\n\n\n<p>14:00 Uhr<br>Dr. des. Nico Kunkel (Universit\u00e4t Konstanz)<br>Netzwerke der Nibelungen<br>Figurenbeziehungen im Nibelungenlied B im Lichte dynamischer Netzwerkanalysen<\/p>\n\n\n\n<p>14:45 Uhr<br>Prof. Dr. Georg Schuppener (Univerzita J. E. Purkyne\u02d8 v \u00dast\u00ed nad Labem, Univerzita sv. Cyrila a Metoda v Trnave)<br>Wir bleiben Heiden \u2013 Zugriffe auf nordisch-germanische Mythologie im Rechtsextremismus<\/p>\n\n\n\n<p>15:45<br>Prof. Dr. Katja Winter (Otto-Friedrich-Universit\u00e4t Bamberg, WWU M\u00fcnster)<br>Von helden lobeb\u00e6ren bis Corona-HeldInnen &#8211; Zur Reflexion von HeldInnennarrativen<\/p>\n\n\n\n<p>17:00 Uhr Zusatzangebot im Nibelungenmuseum<br>Lesung aus dem Roman &#8222;Der Bornholm-Code&#8220; mit Thorsten Oliver Rehm<\/p>\n\n\n\n<p>Kolloquium der Nibelungenlied-Gesellschaft im WORMSER (Gro\u00dfer Liebfrauensaal, Rathenaustra\u00dfe 11, 67547 Worms). Der Eintritt ist frei. Anmeldung erforderlich: T. 06241 23857 \/ <a href=\"mailto:sieber@nibelungenlied-gesellschaft.de\">sieber@nibelungenlied-gesellschaft.de<\/a><\/p>\n\n\n\n<div class=\"wp-block-file\"><a id=\"wp-block-file--media-34ab6c11-8055-4150-8f45-2a602bce65f2\" href=\"https:\/\/www.nibelungenlied-gesellschaft.de\/nlg\/wp-content\/uploads\/2022\/06\/nlg22_8s-fly_din-lang_festspiel-vortraege-1.pdf\" target=\"_blank\" rel=\"noreferrer noopener\"><strong>Flyer als PDF<\/strong><\/a><a href=\"https:\/\/www.nibelungenlied-gesellschaft.de\/nlg\/wp-content\/uploads\/2022\/06\/nlg22_8s-fly_din-lang_festspiel-vortraege-1.pdf\" class=\"wp-block-file__button wp-element-button\" download aria-describedby=\"wp-block-file--media-34ab6c11-8055-4150-8f45-2a602bce65f2\">Herunterladen<\/a><\/div>\n\n\n\n<hr class=\"wp-block-separator has-alpha-channel-opacity\"\/>\n\n\n\n<div style=\"height:25px\" aria-hidden=\"true\" class=\"wp-block-spacer\"><\/div>\n\n\n\n<h2 class=\"wp-block-heading\" id=\"literatur-zur-stauferzeit\">Literatur zur Stauferzeit<\/h2>\n\n\n\n<p>Eine Pr\u00e4sentation der Nibelungenlied-Gesellschaft Worms, des Nibelungenmuseums und der Arbeitsgemeinschaft Literarischer Gesellschaften und Gedenkst\u00e4tten e. V. (ALG) in Kooperation mit der Landesausstellung \u201eDIE KAISER UND DIE S\u00c4ULEN IHRER MACHT\u201c des Landesmuseums Mainz.<\/p>\n\n\n\n<p><strong>28. Mai 2020 &#8211; 31. Oktober 2021, Nibelungenmuseum Worms<\/strong><\/p>\n\n\n\n<p>Die Pr\u00e4sentation zeigt die h\u00f6fisch-ritterliche Gesellschaft mit ihren Werten, die sich in der Dichtung der staufischen Klassik niederschlagen. Epik und Minnelyrik erreichen ihre Bl\u00fcte aus der Hochstimmung und Kritik einer ihrer Ideale und Rituale bewussten Zeit.<br>Im Mittelpunkt steht die Thematisierung von institutionellen und personalen Bindungen, die sich in Motiven der Dichtung der Stauferzeit exponieren und anhand von Beispielen kommentiert werden:<br>\u201eHoher Mut\u201c, das ist die gesellschaftliche Komponente, das Hochgef\u00fchl, die neue Daseinswertung in adelig-h\u00f6fischer Geselligkeit; \u201eMinne\u201c betrifft die personale Dimension der h\u00f6fischen Welt mit der Entdeckung der Liebe; \u201eProtest\u201c betrifft die politisch-institutionelle Dimension mit der Kritik an den Herrschenden. Thematisiert werden auch die Spielregeln des politischen Umgangs, die sich in der Geschichte wie in der Literatur wiederfinden.<br>Neben einer Filmdokumentation, einem Zeitstrahl, vier teils interaktiven Wandtafeln und einer Klangcollage werden auch Nachbauten mittelalterlicher Instrumente gezeigt. Ein musikalisch-literarisches Begleitprogramm und ein museumsp\u00e4dagogisches Angebot erg\u00e4nzen die Pr\u00e4sentation..<\/p>\n\n\n\n<p>Zu den regul\u00e4ren \u00d6ffnungszeiten und Eintrittspreisen des <a href=\"https:\/\/www.nibelungenmuseum.de\/nibelungenmuseum\/\" target=\"_blank\" rel=\"noreferrer noopener\">Nibelungenmuseums<\/a><\/p>\n\n\n\n<hr class=\"wp-block-separator has-css-opacity\"\/>\n\n\n\n<br><div class=\"lyte-wrapper fourthree\" style=\"width:480px;max-width:100%;margin:5px;\"><div class=\"lyMe\" id=\"WYL_xNYuDq75LT8\"><div id=\"lyte_xNYuDq75LT8\" data-src=\"\/\/i.ytimg.com\/vi\/xNYuDq75LT8\/hqdefault.jpg\" class=\"pL\"><div class=\"tC\"><div class=\"tT\"><\/div><\/div><div class=\"play\"><\/div><div class=\"ctrl\"><div class=\"Lctrl\"><\/div><div class=\"Rctrl\"><\/div><\/div><\/div><noscript><a href=\"https:\/\/youtu.be\/xNYuDq75LT8\" rel=\"nofollow\"><img src=\"https:\/\/i.ytimg.com\/vi\/xNYuDq75LT8\/0.jpg\" alt=\"\" width=\"480\" height=\"340\" \/><br \/>Dieses Video auf YouTube ansehen<\/a><\/noscript><\/div><\/div><div class=\"lL\" style=\"max-width:100%;width:480px;margin:5px;\"><\/div><br><br>\n\n\n\n<h2 class=\"wp-block-heading\" id=\"herrscherinnen-am-rhein\">Herrscherinnen am Rhein<\/h2>\n\n\n\n<h4 class=\"wp-block-heading\" id=\"frauen-die-geschichte-n-schrieben\">Frauen, die Geschichte\/n schrieben<\/h4>\n\n\n\n<p>Ensemble der Nibelungenliedgesellschaft, Lesung mit Spielszenen und Musik<\/p>\n\n\n\n<p><strong>Sonntag, 8.8.2021, 18 Uhr, Dom zu Worms<\/strong><\/p>\n\n\n\n<p>Aus Chroniken, Briefen und literarischen Werken pr\u00e4sentiert das Ensemble \u201awundersvil\u2018 der Nibelungenliedgesellschaft Worms e.V. eine Lesung mit Spielszenen zu den Lebenswegen und Handlungsspielr\u00e4umen mittelalterlicher K\u00f6niginnen an der Seite der Herrscher, die sich auch gerne in Worms aufgehalten haben: von Fastrada \u00fcber Theophanu, Mathilda, die Frauen der staufischen Kaiser bis Isabella von England. Mittelalterliche Musik mit gesungenen Strophen aus den \u201eMerseburger Zauberspr\u00fcchen\u201c, Minneliedern und Instrumentalkompositionen, dargeboten vom Duo Wormez, sowie Solo-Gesang, u.a. mit \u201eQuia ergo femina\u201c nach Hildegard von Bingen, begleiten die Pr\u00e4sentation.<\/p>\n\n\n\n<p>Eintritt: 10 Euro<\/p>\n","protected":false},"excerpt":{"rendered":"<p>NIBEL RHEIN &#8211; Der Rhein in den Dichtungen der Nibelungensage Eine Installation im Nibelungenmuseum vom 25. November 2022 bis 21. Mai 2023 Der \u201eRhein\u201c ist in den Dichtungen der Nibelungensage ein wichtiger Schauplatz und auch der Nibelungenschatz verschwindet bekanntlich im Rhein. In Wagners ber\u00fchmter Oper erh\u00e4lt er sogar seine eigene Musik. Welche Rolle der Rhein &#8230; <span class=\"more\"><a class=\"more-link\" href=\"https:\/\/www.nibelungenlied-gesellschaft.de\/nlg\/aeltere-veranstaltungen\/\">[Read more&#8230;]<\/a><\/span><\/p>\n","protected":false},"author":1,"featured_media":0,"parent":0,"menu_order":0,"comment_status":"closed","ping_status":"closed","template":"","meta":{"footnotes":""},"_links":{"self":[{"href":"https:\/\/www.nibelungenlied-gesellschaft.de\/nlg\/wp-json\/wp\/v2\/pages\/261"}],"collection":[{"href":"https:\/\/www.nibelungenlied-gesellschaft.de\/nlg\/wp-json\/wp\/v2\/pages"}],"about":[{"href":"https:\/\/www.nibelungenlied-gesellschaft.de\/nlg\/wp-json\/wp\/v2\/types\/page"}],"author":[{"embeddable":true,"href":"https:\/\/www.nibelungenlied-gesellschaft.de\/nlg\/wp-json\/wp\/v2\/users\/1"}],"replies":[{"embeddable":true,"href":"https:\/\/www.nibelungenlied-gesellschaft.de\/nlg\/wp-json\/wp\/v2\/comments?post=261"}],"version-history":[{"count":15,"href":"https:\/\/www.nibelungenlied-gesellschaft.de\/nlg\/wp-json\/wp\/v2\/pages\/261\/revisions"}],"predecessor-version":[{"id":637,"href":"https:\/\/www.nibelungenlied-gesellschaft.de\/nlg\/wp-json\/wp\/v2\/pages\/261\/revisions\/637"}],"wp:attachment":[{"href":"https:\/\/www.nibelungenlied-gesellschaft.de\/nlg\/wp-json\/wp\/v2\/media?parent=261"}],"curies":[{"name":"wp","href":"https:\/\/api.w.org\/{rel}","templated":true}]}}

Ältere Veranstaltungen

<figure class="wp-block-image size-full"><img decoding="async" loading="lazy" width="980" height="489" src="https://www.nibelungenlied-gesellschaft.de/nlg/wp-content/uploads/2023/09/titel-header-bis-12-2023-2.jpg" alt="" class="wp-image-494" srcset="https://www.nibelungenlied-gesellschaft.de/nlg/wp-content/uploads/2023/09/titel-header-bis-12-2023-2.jpg 980w, https://www.nibelungenlied-gesellschaft.de/nlg/wp-content/uploads/2023/09/titel-header-bis-12-2023-2-300x150.jpg 300w, https://www.nibelungenlied-gesellschaft.de/nlg/wp-content/uploads/2023/09/titel-header-bis-12-2023-2-768x383.jpg 768w" sizes="(max-width: 980px) 100vw, 980px" /></figure>



<p></p>



<figure class="wp-block-image size-full"><img decoding="async" loading="lazy" width="980" height="489" src="https://www.nibelungenlied-gesellschaft.de/nlg/wp-content/uploads/2022/02/titel-header-bis-06-2023.jpg" alt="" class="wp-image-269" srcset="https://www.nibelungenlied-gesellschaft.de/nlg/wp-content/uploads/2022/02/titel-header-bis-06-2023.jpg 980w, https://www.nibelungenlied-gesellschaft.de/nlg/wp-content/uploads/2022/02/titel-header-bis-06-2023-300x150.jpg 300w, https://www.nibelungenlied-gesellschaft.de/nlg/wp-content/uploads/2022/02/titel-header-bis-06-2023-768x383.jpg 768w" sizes="(max-width: 980px) 100vw, 980px" /></figure>



<p></p>



<p><strong>NIBEL RHEIN &#8211; Der Rhein in den Dichtungen der Nibelungensage</strong></p>



<p><strong>Eine Installation im Nibelungenmuseum vom 25. November 2022 bis 21. Mai 2023</strong></p>



<p>Der „Rhein“ ist in den Dichtungen der Nibelungensage ein wichtiger Schauplatz und auch der Nibelungenschatz verschwindet bekanntlich im Rhein. In Wagners berühmter Oper erhält er sogar seine eigene Musik.</p>



<p>Welche Rolle der Rhein hier jeweils im Einzelnen spielt und welche Bedeutung ihm zugemessen wird, ergründet das Nibelungenmuseum Worms zusammen mit der Nibelungenlied-Gesellschaft. Gemeinsam gehen sie dem Doppelphänomen „NIBEL RHEIN“ auf den (Sagen-)Grund.</p>



<p>„NIBEL RHEIN“ ist Teil einer Ausstellungsreihe des Netzwerks Museen, in der die teilnehmenden Museen den Rhein in vielfältigen Facetten beleuchten.</p>



<p><a rel="noreferrer noopener" href="http://www.nibelungenmuseum.de" target="_blank">www.nibelungenmuseum.de</a></p>



<h2 class="wp-block-heading">VORTRÄGE</h2>



<p><strong>Dienstag, 19. Juli 2022, 18.00 Uhr</strong><br>Dr. Ellen Bender<br>Frauenbilder im Nibelungenlied<br>und in den Wormser Festspielinszenierungen</p>



<p><strong>Mittwoch, 20. Juli 2022, 18.00 Uhr</strong><br>Dr. Regina Urbach<br>Das Narrativ vom Königinnenstreit<br>Ein unwiderstehliches Klischee?</p>



<p><strong>Donnerstag, 21. Juli 2022, 18.00 Uhr</strong><br>Dr. Niklas, Gebele<br>Kriemhild vs. Brunhild<br>Grundformen der Angst im Nibelungenlied</p>



<p>Vorträge der Nibelungenlied-Gesellschaft zu den Nibelungen-Festspielen 2022 im WORMSER (Großer Liebfrauensaal, Rathenaustraße 11, 67547 Worms). Der Eintritt ist frei.</p>



<h2 class="wp-block-heading"><strong>KOLLOQUIUM</strong></h2>



<p><strong>Nibelungen-Code.</strong><br>Dimensionen eines europäisch vernetzten Mythos</p>



<p><strong>Donnerstag, 28. Juli 2022</strong></p>



<p>13:30 Uhr<br>Begrüßung Dr. Ellen Bender (Erste Vorsitzende der Nibelungenlied-Gesellschaft Worms)<br>Einführung Prof. Dr. Andrea Sieber (Universität Passau)</p>



<p>14:00 Uhr<br>Prof. Dr. Heike Sahm (Universität Göttingen)<br>Germanische Heldendichtung? Zur Problematik des Gattungsbegriffs</p>



<p>15:00 Uhr<br>Rolf Badenhausen (Dietrich von Bern-Forum)<br>Nibelungenzug und Thidrekssaga</p>



<p>15:45 Uhr<br>Prof. Dr. Jan Philipp Reemtsma (Hamburg)<br>Kriemhild-Hagen-Ortlieb – ein mörderisches Dreieck</p>



<p>17:00 bis 18:00 Uhr<br>Autorengespräch zum Roman „Der Bornholm-Code“ (2017) mit Thorsten Oliver Rehm</p>



<p><strong>Freitag, 29. Juli 2022</strong></p>



<p>9:30 Uhr<br>Prof. Dr. Peter Andersen (Université de Strasbourg)<br>Die Nibelungen zogen nach Dänemark &#8211; Wie Kriemhild und Brünhild durch Chremild und Huenild ersetzt wurden</p>



<p>10:15 Uhr<br>Prof. Dr. Nine Miedema (Universität des Saarlandes)<br>Das Nibelungenlied in den Niederlanden &#8211; Kreuzungen und Holzwege</p>



<p>11:15 Uhr<br>Dr. Amélie Bendheim (Universität Luxemburg)<br>Etzels Vielvölkerhof &#8211; Ein Modell europäisch vernetzter Herrschaft?</p>



<p>12:00 Uhr<br>Dr. Susanne Schul (Universität Kassel)<br>„Wer heißt denn heute noch Siegfried?“<br>Intersektionale Selbst- und Fremdreflexionen im Coming of Age-Musical „DRACHENHERZ“</p>



<p>ab 12:45 Uhr Mittagspause</p>



<p>14:00 Uhr<br>Dr. des. Nico Kunkel (Universität Konstanz)<br>Netzwerke der Nibelungen<br>Figurenbeziehungen im Nibelungenlied B im Lichte dynamischer Netzwerkanalysen</p>



<p>14:45 Uhr<br>Prof. Dr. Georg Schuppener (Univerzita J. E. Purkyne˘ v Ústí nad Labem, Univerzita sv. Cyrila a Metoda v Trnave)<br>Wir bleiben Heiden – Zugriffe auf nordisch-germanische Mythologie im Rechtsextremismus</p>



<p>15:45<br>Prof. Dr. Katja Winter (Otto-Friedrich-Universität Bamberg, WWU Münster)<br>Von helden lobebæren bis Corona-HeldInnen &#8211; Zur Reflexion von HeldInnennarrativen</p>



<p>17:00 Uhr Zusatzangebot im Nibelungenmuseum<br>Lesung aus dem Roman &#8222;Der Bornholm-Code&#8220; mit Thorsten Oliver Rehm</p>



<p>Kolloquium der Nibelungenlied-Gesellschaft im WORMSER (Großer Liebfrauensaal, Rathenaustraße 11, 67547 Worms). Der Eintritt ist frei. Anmeldung erforderlich: T. 06241 23857 / <a href="mailto:sieber@nibelungenlied-gesellschaft.de">sieber@nibelungenlied-gesellschaft.de</a></p>



<div class="wp-block-file"><a id="wp-block-file--media-34ab6c11-8055-4150-8f45-2a602bce65f2" href="https://www.nibelungenlied-gesellschaft.de/nlg/wp-content/uploads/2022/06/nlg22_8s-fly_din-lang_festspiel-vortraege-1.pdf" target="_blank" rel="noreferrer noopener"><strong>Flyer als PDF</strong></a><a href="https://www.nibelungenlied-gesellschaft.de/nlg/wp-content/uploads/2022/06/nlg22_8s-fly_din-lang_festspiel-vortraege-1.pdf" class="wp-block-file__button wp-element-button" download aria-describedby="wp-block-file--media-34ab6c11-8055-4150-8f45-2a602bce65f2">Herunterladen</a></div>



<hr class="wp-block-separator has-alpha-channel-opacity"/>



<div style="height:25px" aria-hidden="true" class="wp-block-spacer"></div>



<h2 class="wp-block-heading" id="literatur-zur-stauferzeit">Literatur zur Stauferzeit</h2>



<p>Eine Präsentation der Nibelungenlied-Gesellschaft Worms, des Nibelungenmuseums und der Arbeitsgemeinschaft Literarischer Gesellschaften und Gedenkstätten e. V. (ALG) in Kooperation mit der Landesausstellung „DIE KAISER UND DIE SÄULEN IHRER MACHT“ des Landesmuseums Mainz.</p>



<p><strong>28. Mai 2020 &#8211; 31. Oktober 2021, Nibelungenmuseum Worms</strong></p>



<p>Die Präsentation zeigt die höfisch-ritterliche Gesellschaft mit ihren Werten, die sich in der Dichtung der staufischen Klassik niederschlagen. Epik und Minnelyrik erreichen ihre Blüte aus der Hochstimmung und Kritik einer ihrer Ideale und Rituale bewussten Zeit.<br>Im Mittelpunkt steht die Thematisierung von institutionellen und personalen Bindungen, die sich in Motiven der Dichtung der Stauferzeit exponieren und anhand von Beispielen kommentiert werden:<br>„Hoher Mut“, das ist die gesellschaftliche Komponente, das Hochgefühl, die neue Daseinswertung in adelig-höfischer Geselligkeit; „Minne“ betrifft die personale Dimension der höfischen Welt mit der Entdeckung der Liebe; „Protest“ betrifft die politisch-institutionelle Dimension mit der Kritik an den Herrschenden. Thematisiert werden auch die Spielregeln des politischen Umgangs, die sich in der Geschichte wie in der Literatur wiederfinden.<br>Neben einer Filmdokumentation, einem Zeitstrahl, vier teils interaktiven Wandtafeln und einer Klangcollage werden auch Nachbauten mittelalterlicher Instrumente gezeigt. Ein musikalisch-literarisches Begleitprogramm und ein museumspädagogisches Angebot ergänzen die Präsentation..</p>



<p>Zu den regulären Öffnungszeiten und Eintrittspreisen des <a href="https://www.nibelungenmuseum.de/nibelungenmuseum/" target="_blank" rel="noreferrer noopener">Nibelungenmuseums</a></p>



<hr class="wp-block-separator has-css-opacity"/>



<br><div class="lyte-wrapper fourthree" style="width:480px;max-width:100%;margin:5px;"><div class="lyMe" id="WYL_xNYuDq75LT8"><div id="lyte_xNYuDq75LT8" data-src="//i.ytimg.com/vi/xNYuDq75LT8/hqdefault.jpg" class="pL"><div class="tC"><div class="tT"></div></div><div class="play"></div><div class="ctrl"><div class="Lctrl"></div><div class="Rctrl"></div></div></div><noscript><a href="https://youtu.be/xNYuDq75LT8" rel="nofollow"><img src="https://i.ytimg.com/vi/xNYuDq75LT8/0.jpg" alt="" width="480" height="340" /><br />Dieses Video auf YouTube ansehen</a></noscript></div></div><div class="lL" style="max-width:100%;width:480px;margin:5px;"></div><br><br>



<h2 class="wp-block-heading" id="herrscherinnen-am-rhein">Herrscherinnen am Rhein</h2>



<h4 class="wp-block-heading" id="frauen-die-geschichte-n-schrieben">Frauen, die Geschichte/n schrieben</h4>



<p>Ensemble der Nibelungenliedgesellschaft, Lesung mit Spielszenen und Musik</p>



<p><strong>Sonntag, 8.8.2021, 18 Uhr, Dom zu Worms</strong></p>



<p>Aus Chroniken, Briefen und literarischen Werken präsentiert das Ensemble ‚wundersvil‘ der Nibelungenliedgesellschaft Worms e.V. eine Lesung mit Spielszenen zu den Lebenswegen und Handlungsspielräumen mittelalterlicher Königinnen an der Seite der Herrscher, die sich auch gerne in Worms aufgehalten haben: von Fastrada über Theophanu, Mathilda, die Frauen der staufischen Kaiser bis Isabella von England. Mittelalterliche Musik mit gesungenen Strophen aus den „Merseburger Zaubersprüchen“, Minneliedern und Instrumentalkompositionen, dargeboten vom Duo Wormez, sowie Solo-Gesang, u.a. mit „Quia ergo femina“ nach Hildegard von Bingen, begleiten die Präsentation.</p>



<p>Eintritt: 10 Euro</p>

<p>NIBEL RHEIN &#8211; Der Rhein in den Dichtungen der Nibelungensage Eine Installation im Nibelungenmuseum vom 25. November 2022 bis 21. Mai 2023 Der „Rhein“ ist in den Dichtungen der Nibelungensage ein wichtiger Schauplatz und auch der Nibelungenschatz verschwindet bekanntlich im Rhein. In Wagners berühmter Oper erhält er sogar seine eigene Musik. Welche Rolle der Rhein &#8230; <span class="more"><a class="more-link" href="https://www.nibelungenlied-gesellschaft.de/nlg/aeltere-veranstaltungen/">[Read more&#8230;]</a></span></p>
