{"id":22,"date":"2019-09-18T23:12:23","date_gmt":"2019-09-18T21:12:23","guid":{"rendered":"http:\/\/www.nibelungenlied-gesellschaft.de\/wordpress\/?page_id=22"},"modified":"2020-02-10T00:59:32","modified_gmt":"2020-02-09T23:59:32","slug":"liedzeit","status":"publish","type":"page","link":"https:\/\/www.nibelungenlied-gesellschaft.de\/nlg\/beitraege\/liedzeit\/","title":{"rendered":"Liedzeit"},"content":{"rendered":"\n<p><em>Beitr\u00e4ge mit dem Schwerpunkt &#8222;Nibelungenlied um 1200&#8220;<\/em><\/p>\n\n\n\n<p><a href=\"http:\/\/nibelungenlied-gesellschaft.de\/03_beitrag\/galle\/galle_fs2.html\">Das Nibelungenlied und Europa<br><\/a><em>(Volker Gall\u00e9)<\/em><\/p>\n\n\n\n<p><a href=\"http:\/\/nibelungenlied-gesellschaft.de\/03_beitrag\/mueller\/fs03_muel.html\">Wie gut kannte der Dichter des Nibelungenliedes Worms?<br><\/a><em>(Hans M\u00fcller)<\/em><\/p>\n\n\n\n<h4 class=\"wp-block-heading\"><strong>Personen und Symbole<\/strong><\/h4>\n\n\n\n<p><a href=\"http:\/\/nibelungenlied-gesellschaft.de\/03_beitrag\/breuer\/fs03_blank.html\">Historische Siegfriedfiguren um 1200<br><\/a><em>(Dr. J\u00fcrgen Breuer)<\/em><\/p>\n\n\n\n<p><a href=\"http:\/\/nibelungenlied-gesellschaft.de\/03_beitrag\/gast\/nlg17_lieb.html\">Verfluchte Dinge.<br>Artefaktbiographien und Dingkarrieren in der Edda und im Nibelungenlied<\/a><br><em>(Prof. Dr. Ludger Lieb)<\/em><\/p>\n\n\n\n<p><a href=\"http:\/\/nibelungenlied-gesellschaft.de\/03_beitrag\/riha\/fs14_riha.html\">Hagen von Tronje \u2013 ein Held in der Maske des B\u00f6sen?<\/a><br><em>(Petra Riha)<\/em><\/p>\n\n\n\n<p><a href=\"http:\/\/nibelungenlied-gesellschaft.de\/03_beitrag\/katen\/ten-katen.html\">Die Tr\u00e4ume Kriemhilds &#8211; Analyse und&nbsp;Vergleich<br><\/a><em>(Alfred ten Katen)<\/em><\/p>\n\n\n\n<p><a href=\"http:\/\/nibelungenlied-gesellschaft.de\/03_beitrag\/galle\/nlg-15_galle.html\">Hagen und Kriemhild&nbsp;\u2013&nbsp;Argumentationszirkel der Gewalt<\/a><br><em>(Volker Gall\u00e9)<\/em><\/p>\n\n\n\n<p><a href=\"http:\/\/nibelungenlied-gesellschaft.de\/03_beitrag\/bender\/nlg-15_bender.html\">Gunther\u2013&nbsp;ein K\u00f6nig in der Kritik<\/a><br><em>(Dr. Ellen Bender)<\/em><\/p>\n\n\n\n<p><a href=\"http:\/\/nibelungenlied-gesellschaft.de\/03_beitrag\/mueller\/nlg-15_mueller.html\">Dietrich von Bern&nbsp;\u2013&nbsp;kontroverse Deutungen seines Verhaltens<\/a><br><em>(Hans M\u00fcller)<\/em><\/p>\n\n\n\n<p><a href=\"http:\/\/nibelungenlied-gesellschaft.de\/03_beitrag\/bender\/nlg-16_bender.html\">Wenn die Frauen von Bechelaren erz\u00e4hlen<\/a><br><em>(Dr. Ellen Bender)<\/em><\/p>\n\n\n\n<p><a href=\"http:\/\/nibelungenlied-gesellschaft.de\/03_beitrag\/bender\/nlg-17_bender.html\">Tierwesen im Nibelungenlied und ihre Symbolik<\/a><br><em>(Dr. Ellen Bender)<\/em><\/p>\n\n\n\n<h4 class=\"wp-block-heading\"><strong>Gesellschaft<\/strong><\/h4>\n\n\n\n<p><a href=\"https:\/\/www.nibelungenlied-gesellschaft.de\/nlg\/beitraege\/dr-ellen-bender-frouwen-ziehen-der-koeniginnenstreit-aus-genderorientierter-perspektive\/\">\u201e\u2018frouwen ziehen\u2018. Der K\u00f6niginnenstreit aus genderorientierter Perspektive\u201c<\/a><br><em>(Dr. Ellen Bender)<\/em> <\/p>\n\n\n\n<p><a href=\"http:\/\/nibelungenlied-gesellschaft.de\/03_beitrag\/bender\/fs03_bend.html\">Die Ehen im Nibelungenlied &#8211; Erotik und Politik<br><\/a><em>(Dr. Ellen Bender)<\/em><\/p>\n\n\n\n<p><a href=\"http:\/\/nibelungenlied-gesellschaft.de\/03_beitrag\/bender\/bender.html\">Das Fehlverhalten der m\u00e4chtigen und Sch\u00f6nen von Worms im Nibelungenlied<br><\/a><em>(Dr. Ellen Bender)<br><\/em><\/p>\n\n\n\n<p><a href=\"http:\/\/nibelungenlied-gesellschaft.de\/03_beitrag\/mueller\/fs12_muel.html\">Waren die Burgunder im Nibelungenlied Heiden oder Christen?<br><\/a><em>(Hans M\u00fcller)<\/em><\/p>\n\n\n\n<p><a href=\"http:\/\/nibelungenlied-gesellschaft.de\/03_beitrag\/gast\/nlg16_frank.html\">M\u00fctter und ihre Kinder im Nibelungenlied<\/a><br><em>(Magdalen Frank)<\/em><\/p>\n\n\n\n<p><a href=\"http:\/\/nibelungenlied-gesellschaft.de\/03_beitrag\/bender\/fs_bend.html\">Sex and crime? \u00dcberlegungen zu Handlungsmotiven der Helden im Nibelungenlied<br><\/a><em>(Dr. Ellen Bender)<\/em><\/p>\n\n\n\n<h4 class=\"wp-block-heading\"><strong>Die Nibelungenklage<\/strong><\/h4>\n\n\n\n<p><a href=\"http:\/\/nibelungenlied-gesellschaft.de\/03_beitrag\/mueller\/fs13_muel.html\">\u201aDie Klage\u2018 als zeitgen\u00f6ssische Deutung des Nibelungenliedes<br><\/a><em>(Hans M\u00fcller)<\/em><\/p>\n\n\n\n<p><a href=\"http:\/\/nibelungenlied-gesellschaft.de\/03_beitrag\/gast\/schoeffl\/nlg-15_schoeffl.html\">Die Nibelungenklage neu erz\u00e4hlt<\/a><br><em>(Rainer Sch\u00f6ffl)<\/em><\/p>\n\n\n\n<h4 class=\"wp-block-heading\"><strong>Der Dichter des Nibelungenliedes<\/strong><\/h4>\n\n\n\n<p><a href=\"http:\/\/nibelungenlied-gesellschaft.de\/03_beitrag\/breuer\/breuer.html\">Schatz und Schwert der Nibelungen. Die Symbolik im Nibelungenlied<br><\/a><em>(Dr. J\u00fcrgen Breuer)<br><\/em><\/p>\n\n\n\n<p><a href=\"http:\/\/nibelungenlied-gesellschaft.de\/03_beitrag\/mueller\/fs11_muel.html\">War der Nibelungenlieddichter ein Jude? Darstellung der Argumentation von Rudolf Kreis<br><\/a><em>(Hans M\u00fcller)<\/em><\/p>\n\n\n\n<h4 class=\"wp-block-heading\"><strong>Das Umfeld des Nibelungenliedes<\/strong><\/h4>\n\n\n\n<p><a href=\"http:\/\/nibelungenlied-gesellschaft.de\/03_beitrag\/breuer\/1.wo1200.html\">Das historische Umfeld des Nibelungenliedes (Teil 1-7)<br><\/a><em>(Dr. J\u00fcrgen Breuer)<\/em><\/p>\n\n\n\n<p><a href=\"http:\/\/nibelungenlied-gesellschaft.de\/03_beitrag\/bender\/fs05_bend.html\">H\u00f6fische Heldendichtung im Umfeld des Nibelungenliedes<br><\/a><em>(Dr. Ellen Bender)<\/em><\/p>\n\n\n\n<p><a href=\"http:\/\/nibelungenlied-gesellschaft.de\/03_beitrag\/weithmann\/donau.html\">Die Nibelungen an der Donau<br><\/a><em>(Michael W. Weithmann)<\/em><\/p>\n\n\n\n<p><a href=\"http:\/\/nibelungenlied-gesellschaft.de\/03_beitrag\/riha\/nlg17_riha.html\">Drachenkampf und Dichtermet \u2013 Dichtung im alten Island<\/a><br><em>(Petra Riha)<\/em><\/p>\n\n\n\n<p><a href=\"http:\/\/nibelungenlied-gesellschaft.de\/03_beitrag\/martin\/fs09_mart.html\">Das Rolandslied \u2013 la Chanson de Roland: das Nationalepos der Franzosen<br><\/a><em>(Erwin Martin)<\/em><\/p>\n\n\n\n<p><a href=\"http:\/\/nibelungenlied-gesellschaft.de\/03_beitrag\/gast\/nlg16_schoeffl.html\">Der Ritter im Tigerfell &#8211; Das georgische Nationalepos und die Nibelungen<\/a><br><em>(Rainer Sch\u00f6ffl)<\/em><\/p>\n\n\n\n<p><a href=\"http:\/\/nibelungenlied-gesellschaft.de\/03_beitrag\/gast\/nlg-15_toepfer.html\">H\u00f6fische Tragik am Beispiel des Nibelungenlieds<\/a><br><em>(Regina Toepfer)<\/em><\/p>\n\n\n\n<p><a href=\"http:\/\/nibelungenlied-gesellschaft.de\/03_beitrag\/bender\/fs10_bend.html\">Lesung des Nibelungenliedes nach der Handschrift C \u2013 Nacherz\u00e4hlung und Kommentar II.<\/a><br><br><a href=\"http:\/\/nibelungenlied-gesellschaft.de\/03_beitrag\/bender\/fs10_bend.html\">Lesung des Nibelungenliedes nach der Handschrift C \u2013 Nacherz\u00e4hlung und Kommentar III.<br><\/a><br><a href=\"http:\/\/nibelungenlied-gesellschaft.de\/03_beitrag\/bender\/fs10_bend.html\">Lesung des Nibelungenliedes nach der Handschrift C \u2013 Nacherz\u00e4hlung und Kommentar VI<\/a><br><em>(Dr. Ellen Bender und Petra Riha)<\/em><\/p>\n\n\n\n<h4 class=\"wp-block-heading\"><strong>Mittelalter<\/strong><\/h4>\n\n\n\n<p><a href=\"http:\/\/nibelungenlied-gesellschaft.de\/03_beitrag\/bender\/fs12_bend.html\">Die Juden. Die Deutschen. Judenbilder in der deutschen Literatur des Mittelalters<br><\/a><em>(Dr. Ellen Bender)<\/em><\/p>\n\n\n\n<p><a href=\"http:\/\/nibelungenlied-gesellschaft.de\/03_beitrag\/mueller\/fs10_muel.html\">Friedrich II. und die Sarazenen<br><\/a><em>(Hans M\u00fcller)<\/em><\/p>\n\n\n\n<p><a href=\"http:\/\/nibelungenlied-gesellschaft.de\/03_beitrag\/riha\/fs11_riha.html\">Blattgold und Zinnober &#8211; Buchschmuck in den Handschriften des Nibelungenliedes<br><\/a><em>(Petra Riha)<\/em><\/p>\n\n\n\n<p><a href=\"http:\/\/nibelungenlied-gesellschaft.de\/03_beitrag\/riha\/fs10_riha.html\">Vom Kaiser zum J\u00e4ger &#8211; Friedrich II. und die Geschichte des Falkenbuches<br><\/a><em>(Petra Riha)<\/em><\/p>\n\n\n\n<p><a href=\"http:\/\/nibelungenlied-gesellschaft.de\/03_beitrag\/riha\/fs12_riha.html\">Alchemie \u2013 Geschichte einer okkulten Wissenschaft<br><\/a><em>(Petra Riha)<br><\/em><\/p>\n\n\n\n<p><a href=\"http:\/\/nibelungenlied-gesellschaft.de\/03_beitrag\/schweitzer\/fs12_schweitzer.html\">Vision und Ekstase. Die gro\u00dfen Mystikerinnen des Mittelalters<br><\/a><em>(Doris Schweitzer)<\/em><\/p>\n\n\n\n<p><a href=\"http:\/\/nibelungenlied-gesellschaft.de\/03_beitrag\/lindema\/fs10_lindemann.html\">Die Rolle der Frau in der orientalischen Welt zur Stauferzeit<br><\/a><em>(Cita Lindemann)<br><\/em><\/p>\n\n\n\n<p><a href=\"http:\/\/nibelungenlied-gesellschaft.de\/03_beitrag\/schweitzer\/fs10_schweitzer.html\">Bucharzt versus Wundarzt &#8211; Arabische Einfl\u00fcsse der Medizin in der Stauferzeit<br><\/a><em>(Doris Schweitzer)<\/em><\/p>\n\n\n\n<p><a href=\"http:\/\/nibelungenlied-gesellschaft.de\/03_beitrag\/lindema\/fs08_lindemann.html\">Donnerwurz und M\u00e4useaugen \u2013 Die Kranken im Mittelalter<br><\/a><em>(Cita Lindemann)<br><\/em><\/p>\n\n\n\n<p><a href=\"http:\/\/nibelungenlied-gesellschaft.de\/03_beitrag\/schweitzer\/fs11_schweitzer.html\">Segen oder Fluch &#8211; Die heilkundige Frau im Mittelalter<br><\/a><em>(Doris Schweitzer)<br><\/em><\/p>\n\n\n\n<p><a href=\"http:\/\/nibelungenlied-gesellschaft.de\/03_beitrag\/lindema\/fs09_lindemann.html\">M\u00fctter, Witwen, Konkubinen \u2013 Rolle, Stellung &amp; Sch\u00f6nheit der Frau im Mittelalter<br><\/a><em>(Cita Lindemann)<br><\/em><\/p>\n\n\n\n<p><a href=\"http:\/\/nibelungenlied-gesellschaft.de\/03_beitrag\/gast\/fs09_winkenbach.html\">Mythos der Wildkr\u00e4uter \u2013 Wildpflanzen im Mittelalter und heute<br><\/a><em>(Dorisa Winkenbach)<\/em><\/p>\n","protected":false},"excerpt":{"rendered":"<p>Beitr\u00e4ge mit dem Schwerpunkt &#8222;Nibelungenlied um 1200&#8220; Das Nibelungenlied und Europa(Volker Gall\u00e9) Wie gut kannte der Dichter des Nibelungenliedes Worms?(Hans M\u00fcller) Personen und Symbole Historische Siegfriedfiguren um 1200(Dr. J\u00fcrgen Breuer) Verfluchte Dinge.Artefaktbiographien und Dingkarrieren in der Edda und im Nibelungenlied(Prof. Dr. Ludger Lieb) Hagen von Tronje \u2013 ein Held in der Maske des B\u00f6sen?(Petra Riha) &#8230; <span class=\"more\"><a class=\"more-link\" href=\"https:\/\/www.nibelungenlied-gesellschaft.de\/nlg\/beitraege\/liedzeit\/\">[Read more&#8230;]<\/a><\/span><\/p>\n","protected":false},"author":1,"featured_media":0,"parent":18,"menu_order":0,"comment_status":"closed","ping_status":"closed","template":"","meta":{"footnotes":""},"_links":{"self":[{"href":"https:\/\/www.nibelungenlied-gesellschaft.de\/nlg\/wp-json\/wp\/v2\/pages\/22"}],"collection":[{"href":"https:\/\/www.nibelungenlied-gesellschaft.de\/nlg\/wp-json\/wp\/v2\/pages"}],"about":[{"href":"https:\/\/www.nibelungenlied-gesellschaft.de\/nlg\/wp-json\/wp\/v2\/types\/page"}],"author":[{"embeddable":true,"href":"https:\/\/www.nibelungenlied-gesellschaft.de\/nlg\/wp-json\/wp\/v2\/users\/1"}],"replies":[{"embeddable":true,"href":"https:\/\/www.nibelungenlied-gesellschaft.de\/nlg\/wp-json\/wp\/v2\/comments?post=22"}],"version-history":[{"count":5,"href":"https:\/\/www.nibelungenlied-gesellschaft.de\/nlg\/wp-json\/wp\/v2\/pages\/22\/revisions"}],"predecessor-version":[{"id":189,"href":"https:\/\/www.nibelungenlied-gesellschaft.de\/nlg\/wp-json\/wp\/v2\/pages\/22\/revisions\/189"}],"up":[{"embeddable":true,"href":"https:\/\/www.nibelungenlied-gesellschaft.de\/nlg\/wp-json\/wp\/v2\/pages\/18"}],"wp:attachment":[{"href":"https:\/\/www.nibelungenlied-gesellschaft.de\/nlg\/wp-json\/wp\/v2\/media?parent=22"}],"curies":[{"name":"wp","href":"https:\/\/api.w.org\/{rel}","templated":true}]}}