{"id":20,"date":"2019-09-18T23:12:06","date_gmt":"2019-09-18T21:12:06","guid":{"rendered":"http:\/\/www.nibelungenlied-gesellschaft.de\/wordpress\/?page_id=20"},"modified":"2020-02-10T01:00:47","modified_gmt":"2020-02-10T00:00:47","slug":"grundlagen","status":"publish","type":"page","link":"https:\/\/www.nibelungenlied-gesellschaft.de\/nlg\/beitraege\/grundlagen\/","title":{"rendered":"Grundlagen"},"content":{"rendered":"\n<p><em>Beitr\u00e4ge mit dem Schwerpunkt:&nbsp;Entstehungsgeschichte des Nibelungenliedes<\/em><\/p>\n\n\n\n<p><a href=\"https:\/\/www.nibelungenlied-gesellschaft.de\/nlg\/der-hort-der-nibelungen-auf-dem-weg-von-franken-nach-schwaben\/\">Der Hort der Nibelungen auf dem Weg von Franken nach Schwaben<\/a><br><em>(Prof. Dr. Klaus Wolf, Universit\u00e4t Augsburg)<\/em><\/p>\n\n\n\n<p><a href=\"https:\/\/www.nibelungenlied-gesellschaft.de\/nlg\/beitraege\/kreuz-gegen-hammer\/\">Kreuz gegen Hammer &#8211; Die Christianisierung Islands<\/a><br><em>(Petra Riha)<\/em><\/p>\n\n\n\n<p><a href=\"http:\/\/nibelungenlied-gesellschaft.de\/03_beitrag\/schaefer\/schaefer.html\">Mythologische Grundlagen des Nibelungenliedes<br><\/a><em>(Ulrike Sch\u00e4fer)<\/em><\/p>\n\n\n\n<p><a href=\"http:\/\/nibelungenlied-gesellschaft.de\/03_beitrag\/gruenewa\/fs03_blank.html\">Die Burgunder &#8211; das unsichtbare Volk?<br><\/a><em>(Mathilde Gr\u00fcnewald)<\/em><\/p>\n\n\n\n<p><a href=\"http:\/\/nibelungenlied-gesellschaft.de\/03_beitrag\/galle\/fs13_galle.html\">Die Suche nach den Burgundern &#8211; eine wissenschaftliche Abenteuerreise<\/a><br><em>(Volker Gall\u00e9)<\/em><\/p>\n\n\n\n<p><a href=\"http:\/\/nibelungenlied-gesellschaft.de\/03_beitrag\/bender\/fs14_bend.html\">Mythos Nibelungenhort \u2013 Eine sagengeschichtliche Reise auf der Suche nach dem Schatz<br><\/a><em>(Ellen Bender)<\/em><\/p>\n\n\n\n<p><a href=\"http:\/\/nibelungenlied-gesellschaft.de\/03_beitrag\/schaefer\/fs03_uli.html\">Die Burgunder &#8211; das sakrale Volk<br><\/a><em>(Ulrike Sch\u00e4fer)<\/em><\/p>\n\n\n\n<p><a href=\"http:\/\/nibelungenlied-gesellschaft.de\/03_beitrag\/galle\/fs03_galle.html\">Attila und Etzel &#8211; Was man von den Hunnen erz\u00e4hlt<br><\/a><em>(Volker Gall\u00e9)<\/em><\/p>\n\n\n\n<p><a href=\"http:\/\/nibelungenlied-gesellschaft.de\/03_beitrag\/bender\/fs13_bend.html\">Die Nibelungen \u2013 kein deutscher Heldenstoff?<br><\/a><em>(Ellen Bender)<\/em><\/p>\n\n\n\n<p><a href=\"http:\/\/nibelungenlied-gesellschaft.de\/03_beitrag\/breuer\/fs03_blank.html\">Siegfriedmythen vor 1200<br><\/a><em>(Eichfelder)<\/em><\/p>\n\n\n\n<p><a href=\"http:\/\/nibelungenlied-gesellschaft.de\/03_beitrag\/bender\/wasigen.html\">Die Waltherdichtung<br><\/a><em>(Ellen Bender)<\/em><\/p>\n\n\n\n<p><a href=\"http:\/\/nibelungenlied-gesellschaft.de\/03_beitrag\/galle\/galle_fs2.html\">Das Nibelungenlied und Europa<br><\/a><em>(Volker Gall\u00e9)<\/em><\/p>\n\n\n\n<p><a href=\"http:\/\/nibelungenlied-gesellschaft.de\/03_beitrag\/martin\/fs11_mart.html\">Das Beowulf-Epos &#8211; die fr\u00fchesten Spuren des Nibelungenstoffes<br><\/a><em>(Erwin Martin)<\/em><\/p>\n\n\n\n<p><a href=\"http:\/\/nibelungenlied-gesellschaft.de\/03_beitrag\/eichfelder\/eichf_fs1.html\">Der Drachenkampf in der Nibelungensage<br><\/a><em>(Eichfelder)<\/em><\/p>\n\n\n\n<p><a href=\"http:\/\/nibelungenlied-gesellschaft.de\/03_beitrag\/martin\/fs04_mart.html\">Brunhild &#8211; die Frau aus einer anderen Welt<br><\/a><em>(Erwin Martin)<\/em><\/p>\n\n\n\n<p><a href=\"http:\/\/nibelungenlied-gesellschaft.de\/03_beitrag\/gast\/nlg16_berkenbusch-erbe.html\">Der Heldenarchetyp am Beispiel des Nibelungenliedes<\/a><br><em>(Dr. Irene Berkenbusch-Erbe)<\/em><\/p>\n\n\n\n<p><a href=\"http:\/\/nibelungenlied-gesellschaft.de\/03_beitrag\/katen\/ten-katen.html\">Die Tr\u00e4ume Kriemhilds &#8211; Analyse und&nbsp;Vergleich<br><\/a><em>(Alfred ten Katen)<\/em><\/p>\n\n\n\n<p><a href=\"http:\/\/nibelungenlied-gesellschaft.de\/03_beitrag\/eichfelder\/fs06_eichf.html\">Motive antiker Sagen im Nibelungenlied<br><\/a><em>(Eichfelder)<\/em><\/p>\n\n\n\n<p><a href=\"http:\/\/nibelungenlied-gesellschaft.de\/03_beitrag\/riha\/fs13_riha.html\">Magische Elemente und Begegnungen mit Anderswelten im Nibelungenlied<br><\/a><em>(Petra Riha)<\/em><\/p>\n\n\n\n<p><a href=\"http:\/\/nibelungenlied-gesellschaft.de\/03_beitrag\/gast\/fs10_mai-wappen.html\">Siegfrieds Wappen und Heldentaten im Nibelungenlied<br><\/a><em>(Klaus Mai, Buchvorstellung)<\/em><\/p>\n\n\n\n<p><a href=\"http:\/\/nibelungenlied-gesellschaft.de\/03_beitrag\/martin\/fs06_mart.html\">R\u00fcckfall in die Barbarei: Medea und Kriemhild<br><\/a><em>(Erwin Martin)<\/em><\/p>\n\n\n\n<p><a href=\"http:\/\/nibelungenlied-gesellschaft.de\/03_beitrag\/gast\/b1-12_jung.html\">Die Burgundionen und Worms<br><\/a><em>(Patrick Jung)<\/em><\/p>\n\n\n\n<p><a href=\"http:\/\/nibelungenlied-gesellschaft.de\/03_beitrag\/martin\/fs07_mart.html\">Verh\u00e4ngnisvolle Verirrung: Penthesilea und Brunhild<br><\/a><em>(Erwin Martin)<\/em><\/p>\n","protected":false},"excerpt":{"rendered":"<p>Beitr\u00e4ge mit dem Schwerpunkt:&nbsp;Entstehungsgeschichte des Nibelungenliedes Der Hort der Nibelungen auf dem Weg von Franken nach Schwaben(Prof. Dr. Klaus Wolf, Universit\u00e4t Augsburg) Kreuz gegen Hammer &#8211; Die Christianisierung Islands(Petra Riha) Mythologische Grundlagen des Nibelungenliedes(Ulrike Sch\u00e4fer) Die Burgunder &#8211; das unsichtbare Volk?(Mathilde Gr\u00fcnewald) Die Suche nach den Burgundern &#8211; eine wissenschaftliche Abenteuerreise(Volker Gall\u00e9) Mythos Nibelungenhort \u2013 &#8230; <span class=\"more\"><a class=\"more-link\" href=\"https:\/\/www.nibelungenlied-gesellschaft.de\/nlg\/beitraege\/grundlagen\/\">[Read more&#8230;]<\/a><\/span><\/p>\n","protected":false},"author":1,"featured_media":0,"parent":18,"menu_order":0,"comment_status":"closed","ping_status":"closed","template":"","meta":{"footnotes":""},"_links":{"self":[{"href":"https:\/\/www.nibelungenlied-gesellschaft.de\/nlg\/wp-json\/wp\/v2\/pages\/20"}],"collection":[{"href":"https:\/\/www.nibelungenlied-gesellschaft.de\/nlg\/wp-json\/wp\/v2\/pages"}],"about":[{"href":"https:\/\/www.nibelungenlied-gesellschaft.de\/nlg\/wp-json\/wp\/v2\/types\/page"}],"author":[{"embeddable":true,"href":"https:\/\/www.nibelungenlied-gesellschaft.de\/nlg\/wp-json\/wp\/v2\/users\/1"}],"replies":[{"embeddable":true,"href":"https:\/\/www.nibelungenlied-gesellschaft.de\/nlg\/wp-json\/wp\/v2\/comments?post=20"}],"version-history":[{"count":3,"href":"https:\/\/www.nibelungenlied-gesellschaft.de\/nlg\/wp-json\/wp\/v2\/pages\/20\/revisions"}],"predecessor-version":[{"id":190,"href":"https:\/\/www.nibelungenlied-gesellschaft.de\/nlg\/wp-json\/wp\/v2\/pages\/20\/revisions\/190"}],"up":[{"embeddable":true,"href":"https:\/\/www.nibelungenlied-gesellschaft.de\/nlg\/wp-json\/wp\/v2\/pages\/18"}],"wp:attachment":[{"href":"https:\/\/www.nibelungenlied-gesellschaft.de\/nlg\/wp-json\/wp\/v2\/media?parent=20"}],"curies":[{"name":"wp","href":"https:\/\/api.w.org\/{rel}","templated":true}]}}

<p><em>Beiträge mit dem Schwerpunkt:&nbsp;Entstehungsgeschichte des Nibelungenliedes</em></p>



<p><a href="https://www.nibelungenlied-gesellschaft.de/nlg/der-hort-der-nibelungen-auf-dem-weg-von-franken-nach-schwaben/">Der Hort der Nibelungen auf dem Weg von Franken nach Schwaben</a><br><em>(Prof. Dr. Klaus Wolf, Universität Augsburg)</em></p>



<p><a href="https://www.nibelungenlied-gesellschaft.de/nlg/beitraege/kreuz-gegen-hammer/">Kreuz gegen Hammer &#8211; Die Christianisierung Islands</a><br><em>(Petra Riha)</em></p>



<p><a href="http://nibelungenlied-gesellschaft.de/03_beitrag/schaefer/schaefer.html">Mythologische Grundlagen des Nibelungenliedes<br></a><em>(Ulrike Schäfer)</em></p>



<p><a href="http://nibelungenlied-gesellschaft.de/03_beitrag/gruenewa/fs03_blank.html">Die Burgunder &#8211; das unsichtbare Volk?<br></a><em>(Mathilde Grünewald)</em></p>



<p><a href="http://nibelungenlied-gesellschaft.de/03_beitrag/galle/fs13_galle.html">Die Suche nach den Burgundern &#8211; eine wissenschaftliche Abenteuerreise</a><br><em>(Volker Gallé)</em></p>



<p><a href="http://nibelungenlied-gesellschaft.de/03_beitrag/bender/fs14_bend.html">Mythos Nibelungenhort – Eine sagengeschichtliche Reise auf der Suche nach dem Schatz<br></a><em>(Ellen Bender)</em></p>



<p><a href="http://nibelungenlied-gesellschaft.de/03_beitrag/schaefer/fs03_uli.html">Die Burgunder &#8211; das sakrale Volk<br></a><em>(Ulrike Schäfer)</em></p>



<p><a href="http://nibelungenlied-gesellschaft.de/03_beitrag/galle/fs03_galle.html">Attila und Etzel &#8211; Was man von den Hunnen erzählt<br></a><em>(Volker Gallé)</em></p>



<p><a href="http://nibelungenlied-gesellschaft.de/03_beitrag/bender/fs13_bend.html">Die Nibelungen – kein deutscher Heldenstoff?<br></a><em>(Ellen Bender)</em></p>



<p><a href="http://nibelungenlied-gesellschaft.de/03_beitrag/breuer/fs03_blank.html">Siegfriedmythen vor 1200<br></a><em>(Eichfelder)</em></p>



<p><a href="http://nibelungenlied-gesellschaft.de/03_beitrag/bender/wasigen.html">Die Waltherdichtung<br></a><em>(Ellen Bender)</em></p>



<p><a href="http://nibelungenlied-gesellschaft.de/03_beitrag/galle/galle_fs2.html">Das Nibelungenlied und Europa<br></a><em>(Volker Gallé)</em></p>



<p><a href="http://nibelungenlied-gesellschaft.de/03_beitrag/martin/fs11_mart.html">Das Beowulf-Epos &#8211; die frühesten Spuren des Nibelungenstoffes<br></a><em>(Erwin Martin)</em></p>



<p><a href="http://nibelungenlied-gesellschaft.de/03_beitrag/eichfelder/eichf_fs1.html">Der Drachenkampf in der Nibelungensage<br></a><em>(Eichfelder)</em></p>



<p><a href="http://nibelungenlied-gesellschaft.de/03_beitrag/martin/fs04_mart.html">Brunhild &#8211; die Frau aus einer anderen Welt<br></a><em>(Erwin Martin)</em></p>



<p><a href="http://nibelungenlied-gesellschaft.de/03_beitrag/gast/nlg16_berkenbusch-erbe.html">Der Heldenarchetyp am Beispiel des Nibelungenliedes</a><br><em>(Dr. Irene Berkenbusch-Erbe)</em></p>



<p><a href="http://nibelungenlied-gesellschaft.de/03_beitrag/katen/ten-katen.html">Die Träume Kriemhilds &#8211; Analyse und&nbsp;Vergleich<br></a><em>(Alfred ten Katen)</em></p>



<p><a href="http://nibelungenlied-gesellschaft.de/03_beitrag/eichfelder/fs06_eichf.html">Motive antiker Sagen im Nibelungenlied<br></a><em>(Eichfelder)</em></p>



<p><a href="http://nibelungenlied-gesellschaft.de/03_beitrag/riha/fs13_riha.html">Magische Elemente und Begegnungen mit Anderswelten im Nibelungenlied<br></a><em>(Petra Riha)</em></p>



<p><a href="http://nibelungenlied-gesellschaft.de/03_beitrag/gast/fs10_mai-wappen.html">Siegfrieds Wappen und Heldentaten im Nibelungenlied<br></a><em>(Klaus Mai, Buchvorstellung)</em></p>



<p><a href="http://nibelungenlied-gesellschaft.de/03_beitrag/martin/fs06_mart.html">Rückfall in die Barbarei: Medea und Kriemhild<br></a><em>(Erwin Martin)</em></p>



<p><a href="http://nibelungenlied-gesellschaft.de/03_beitrag/gast/b1-12_jung.html">Die Burgundionen und Worms<br></a><em>(Patrick Jung)</em></p>



<p><a href="http://nibelungenlied-gesellschaft.de/03_beitrag/martin/fs07_mart.html">Verhängnisvolle Verirrung: Penthesilea und Brunhild<br></a><em>(Erwin Martin)</em></p>

<p>Beiträge mit dem Schwerpunkt:&nbsp;Entstehungsgeschichte des Nibelungenliedes Der Hort der Nibelungen auf dem Weg von Franken nach Schwaben(Prof. Dr. Klaus Wolf, Universität Augsburg) Kreuz gegen Hammer &#8211; Die Christianisierung Islands(Petra Riha) Mythologische Grundlagen des Nibelungenliedes(Ulrike Schäfer) Die Burgunder &#8211; das unsichtbare Volk?(Mathilde Grünewald) Die Suche nach den Burgundern &#8211; eine wissenschaftliche Abenteuerreise(Volker Gallé) Mythos Nibelungenhort – &#8230; <span class="more"><a class="more-link" href="https://www.nibelungenlied-gesellschaft.de/nlg/beitraege/grundlagen/">[Read more&#8230;]</a></span></p>
